ns digit of 511?
1
What is the hundreds digit of 2855?
8
What is the hundreds digit of 90032?
0
What is the hundreds digit of 26059?
0
What is the units digit of 3003?
3
What is the units digit of 5386?
6
What is the units digit of 11551?
1
What is the ten thousands digit of 82894?
8
What is the hundreds digit of 812?
8
What is the tens digit of 3516?
1
What is the tens digit of 53?
5
What is the thousands digit of 7607?
7
What is the units digit of 3485?
5
What is the units digit of 591?
1
What is the units digit of 1701?
1
What is the hundreds digit of 6893?
8
What is the hundreds digit of 2011?
0
What is the tens digit of 12619?
1
What is the units digit of 3151?
1
What is the thousands digit of 10904?
0
What is the thousands digit of 1426?
1
What is the thousands digit of 13146?
3
What is the units digit of 19948?
8
What is the hundreds digit of 2052?
0
What is the ten thousands digit of 66792?
6
What is the hundreds digit of 107198?
1
What is the tens digit of 439?
3
What is the hundreds digit of 7709?
7
What is the tens digit of 9864?
6
What is the thousands digit of 27106?
7
What is the tens digit of 6461?
6
What is the units digit of 4238?
8
What is the thousands digit of 36486?
6
What is the tens digit of 2855?
5
What is the hundreds digit of 220?
2
What is the thousands digit of 1130?
1
What is the thousands digit of 2172?
2
What is the units digit of 530?
0
What is the hundreds digit of 999?
9
What is the tens digit of 24520?
2
What is the ten thousands digit of 20038?
2
What is the hundreds digit of 4797?
7
What is the units digit of 2851?
1
What is the tens digit of 36341?
4
What is the units digit of 1315?
5
What is the tens digit of 12326?
2
What is the ten thousands digit of 29851?
2
What is the thousands digit of 6842?
6
What is the ten thousands digit of 36503?
3
What is the units digit of 538?
8
What is the hundreds digit of 331?
3
What is the hundreds digit of 82784?
7
What is the thousands digit of 118785?
8
What is the tens digit of 179230?
3
What is the tens digit of 1338?
3
What is the tens digit of 100845?
4
What is the thousands digit of 38426?
8
What is the ten thousands digit of 77846?
7
What is the units digit of 3952?
2
What is the tens digit of 8977?
7
What is the tens digit of 31?
3
What is the hundred thousands digit of 121681?
1
What is the thousands digit of 13332?
3
What is the ten thousands digit of 10233?
1
What is the thousands digit of 5702?
5
What is the thousands digit of 12188?
2
What is the tens digit of 2771?
7
What is the units digit of 377?
7
What is the thousands digit of 6365?
6
What is the units digit of 75136?
6
What is the hundreds digit of 1058?
0
What is the hundreds digit of 6702?
7
What is the tens digit of 5142?
4
What is the units digit of 1748?
8
What is the units digit of 1862?
2
What is the units digit of 6295?
5
What is the tens digit of 93046?
4
What is the ten thousands digit of 69006?
6
What is the thousands digit of 4648?
4
What is the units digit of 455?
5
What is the tens digit of 11403?
0
What is the units digit of 371?
1
What is the tens digit of 3486?
8
What is the thousands digit of 12329?
2
What is the hundred thousands digit of 107300?
1
What is the hundreds digit of 18634?
6
What is the units digit of 1255?
5
What is the ten thousands digit of 24409?
2
What is the tens digit of 263?
6
What is the thousands digit of 2713?
2
What is the thousands digit of 7661?
7
What is the ten thousands digit of 23970?
2
What is the hundreds digit of 514?
5
What is the units digit of 45?
5
What is the tens digit of 27289?
8
What is the tens digit of 2269?
6
What is the units digit of 3620?
0
What is the ten thousands digit of 60490?
6
What is the tens digit of 26?
2
What is the thousands digit of 2106?
2
What is the hundreds digit of 146?
1
What is the tens digit of 148800?
0
What is the units digit of 60500?
0
What is the thousands digit of 6750?
6
What is the tens digit of 1634?
3
What is the hundreds digit of 261?
2
What is the tens digit of 2125?
2
What is the units digit of 2071?
1
What is the tens digit of 670?
7
What is the tens digit of 956?
5
What is the thousands digit of 22951?
2
What is the hundreds digit of 323?
3
What is the hundreds digit of 3712?
7
What is the units digit of 70906?
6
What is the tens digit of 101752?
5
What is the units digit of 2029?
9
What is the units digit of 871?
1
What is the units digit of 4084?
4
What is the units digit of 49979?
9
What is the units digit of 636?
6
What is the units digit of 27218?
8
What is the units digit of 417?
7
What is the hundreds digit of 175508?
5
What is the thousands digit of 13632?
3
What is the tens digit of 1991?
9
What is the ten thousands digit of 29079?
2
What is the tens digit of 105?
0
What is the units digit of 1259?
9
What is the thousands digit of 82802?
2
What is the thousands digit of 2650?
2
What is the tens digit of 4946?
4
What is the thousands digit of 3354?
3
What is the tens digit of 38723?
2
What is the units digit of 8076?
6
What is the units digit of 9539?
9
What is the thousands digit of 7694?
7
What is the units digit of 3171?
1
What is the thousands digit of 1980?
1
What is the thousands digit of 7267?
7
What is the ten thousands digit of 137814?
3
What is the ten thousands digit of 62929?
6
What is the hundred thousands digit of 120442?
1
What is the ten thousands digit of 77811?
7
What is the hundreds digit of 1107?
1
What is the hundreds digit of 9787?
7
What is the tens digit of 4145?
4
What is the hundreds digit of 8661?
6
What is the units digit of 5251?
1
What is the units digit of 2183?
3
What is the tens digit of 551?
5
What is the units digit of 777?
7
What is the ten thousands digit of 52296?
5
What is the hundreds digit of 8859?
8
What is the hundreds digit of 131?
1
What is the tens digit of 1300?
0
What is the units digit of 1379?
9
What is the thousands digit of 2349?
2
What is the thousands digit of 2030?
2
What is the units digit of 3071?
1
What is the units digit of 1822?
2
What is the units digit of 1163?
3
What is the units digit of 3640?
0
What is the units digit of 2866?
6
What is the hundreds digit of 1628?
6
What is the tens digit of 37765?
6
What is the ten thousands digit of 16062?
1
What is the hundreds digit of 3907?
9
What is the thousands digit of 2815?
2
What is the units digit of 45098?
8
What is the tens digit of 54266?
6
What is the units digit of 24075?
5
What is the hundreds digit of 4718?
7
What is the tens digit of 318?
1
What is the hundreds digit of 424?
4
What is the thousands digit of 165992?
5
What is the tens digit of 685?
8
What is the units digit of 1898?
8
What is the tens digit of 15055?
5
What is the hundreds digit of 2111?
1
What is the tens digit of 17397?
9
What is the units digit of 1661?
1
What is the hundreds digit of 7454?
4
What is the hundreds digit of 6723?
7
What is the hundreds digit of 1284?
2
What is the hundreds digit of 835?
8
What is the tens digit of 1309?
0
What is the units digit of 10887?
7
What is the tens digit of 376?
7
What is the hundreds digit of 8943?
9
What is the units digit of 11955?
5
What is the units digit of 9317?
7
What is the hundreds digit of 3765?
7
What is the thousands digit of 4875?
4
What is the tens digit of 1955?
5
What is the tens digit of 865?
6
What is the units digit of 22268?
8
What is the units digit of 297?
7
What is the units digit of 31981?
1
What is the thousands digit of 2885?
2
What is the tens digit of 1801?
0
What is the thousands digit of 2446?
2
What is the thousands digit of 2800?
2
What is the hundreds digit of 1360?
3
What is the tens digit of 16019?
1
What is the hundreds digit of 3546?
5
What is the units digit of 134187?
7
What is the units digit of 36166?
6
What is the thousands digit of 2160?
2
What is the tens digit of 1420?
2
What is the tens digit of 78?
7
What is the thousands digit of 2242?
2
What is the ten thousands digit of 22856?
2
What is the units digit of 1021?
1
What is the thousands digit of 1926?
1
What is the tens digit of 90?
9
What is the hundreds digit of 11921?
9
What is the tens digit of 1382?
8
What is the tens digit of 5729?
2
What is the thousands digit of 28260?
8
What is the units digit of 175?
5
What is the thousands digit of 39566?
9
What is the 